st common factor of 8075 and 291992.
323
Calculate the greatest common divisor of 26128 and 1656.
184
What is the highest common divisor of 601060 and 20?
20
Calculate the highest common divisor of 1700 and 5900.
100
Calculate the greatest common divisor of 32 and 138064.
16
Calculate the highest common factor of 24 and 760008.
24
What is the greatest common factor of 663496 and 12209?
421
What is the highest common divisor of 874 and 202426?
38
What is the greatest common factor of 60 and 110010?
30
Calculate the highest common factor of 8430091 and 19.
19
What is the highest common divisor of 6090 and 488418?
1218
Calculate the highest common divisor of 351 and 10989.
27
What is the highest common divisor of 308 and 1106644?
308
What is the greatest common divisor of 2088 and 10728?
72
Calculate the greatest common factor of 6293092 and 52.
52
Calculate the greatest common factor of 9820 and 8.
4
Calculate the highest common divisor of 128 and 49496.
8
What is the highest common factor of 208297 and 722?
361
What is the greatest common divisor of 225 and 131375?
25
Calculate the highest common factor of 4743 and 127782.
279
What is the highest common divisor of 357 and 420441?
21
Calculate the greatest common factor of 165 and 865865.
55
What is the greatest common divisor of 2 and 4666?
2
Calculate the highest common divisor of 47392 and 32.
32
Calculate the highest common factor of 57 and 635835.
57
Calculate the greatest common factor of 2460 and 70930.
410
What is the highest common divisor of 834 and 1605033?
417
What is the highest common factor of 37153 and 2804?
701
What is the greatest common factor of 7638 and 71250?
114
Calculate the greatest common divisor of 49848 and 51456.
1608
What is the highest common divisor of 2727 and 1569237?
303
Calculate the greatest common divisor of 2 and 33778.
2
Calculate the highest common factor of 398 and 229447.
199
Calculate the greatest common factor of 174624 and 4173.
321
What is the highest common factor of 14 and 132419?
7
Calculate the highest common factor of 116 and 2944486.
58
What is the highest common divisor of 17 and 1013506?
17
What is the greatest common divisor of 1138968 and 216?
216
What is the greatest common factor of 460 and 220?
20
What is the highest common divisor of 694 and 682202?
694
What is the highest common factor of 362765 and 13?
13
Calculate the greatest common factor of 741539 and 347.
347
What is the highest common divisor of 8642 and 406?
58
What is the highest common factor of 21 and 594671?
7
What is the highest common divisor of 293105 and 2440?
305
Calculate the highest common factor of 138 and 550735.
23
What is the greatest common divisor of 2959 and 77?
11
Calculate the greatest common factor of 20732 and 113296.
292
Calculate the greatest common factor of 35133 and 27485.
239
Calculate the highest common factor of 145 and 2730.
5
Calculate the greatest common divisor of 19 and 14383.
19
Calculate the greatest common factor of 8 and 33212.
4
What is the highest common factor of 304 and 434416?
304
Calculate the greatest common divisor of 80962 and 28.
14
What is the greatest common factor of 351 and 18213?
39
Calculate the highest common divisor of 2794 and 3806.
22
What is the highest common factor of 1551 and 1123347?
141
Calculate the greatest common divisor of 533546 and 13.
13
What is the highest common divisor of 14 and 12615183?
7
Calculate the highest common divisor of 516 and 492.
12
Calculate the highest common factor of 195567 and 423.
141
What is the greatest common factor of 118 and 345740?
118
What is the greatest common factor of 196 and 45374?
98
What is the highest common divisor of 71576 and 460?
92
What is the highest common factor of 1578421 and 299?
299
What is the highest common factor of 126 and 4200?
42
What is the greatest common factor of 184242 and 186?
6
Calculate the greatest common factor of 730765 and 35.
35
Calculate the greatest common factor of 102918 and 102.
102
Calculate the highest common divisor of 1260 and 647360.
140
Calculate the highest common divisor of 2500 and 19.
1
Calculate the highest common divisor of 1050629 and 865.
173
What is the highest common divisor of 4530 and 2400?
30
Calculate the greatest common factor of 39 and 6285.
3
Calculate the greatest common divisor of 335224 and 28.
4
What is the greatest common factor of 76 and 100676?
4
Calculate the highest common divisor of 1292 and 170.
34
Calculate the highest common factor of 26 and 10852296.
26
Calculate the highest common divisor of 299 and 322.
23
Calculate the highest common divisor of 1112535 and 1215.
405
Calculate the greatest common factor of 4 and 15326.
2
What is the highest common divisor of 8824771 and 67?
67
Calculate the highest common divisor of 32521 and 1904.
17
Calculate the highest common divisor of 3375168 and 32.
32
What is the greatest common divisor of 4428 and 19944?
36
What is the highest common factor of 1048 and 7657736?
1048
What is the greatest common divisor of 59050 and 50?
50
What is the highest common divisor of 6696 and 1209?
93
Calculate the highest common factor of 3819 and 11189.
67
What is the highest common divisor of 1998 and 108?
54
Calculate the greatest common divisor of 335 and 206963.
67
What is the greatest common divisor of 1512 and 25956?
252
Calculate the greatest common divisor of 276 and 121578.
138
What is the greatest common factor of 1984 and 372?
124
What is the highest common factor of 60 and 13623?
3
Calculate the greatest common factor of 71725 and 6191.
151
Calculate the greatest common factor of 26130 and 1430.
130
Calculate the greatest common factor of 150 and 7400.
50
What is the greatest common divisor of 46976 and 483706?
734
Calculate the greatest common divisor of 113 and 547.
1
What is the highest common divisor of 74 and 412365?
37
Calculate the highest common factor of 292553 and 136.
17
Calculate the greatest common factor of 2158 and 637938.
166
Calculate the highest common divisor of 529217 and 39.
13
Calculate the highest common divisor of 28008 and 207.
9
What is the highest common factor of 17766 and 1946?
14
What is the highest common factor of 12 and 219012?
12
What is the greatest common factor of 1764 and 65772?
252
What is the greatest common divisor of 12 and 117676?
4
Calculate the greatest common factor of 820 and 990970.
410
What is the highest common divisor of 1056 and 15092?
44
Calculate the highest common divisor of 100498 and 654.
218
What is the highest common factor of 90 and 889965?
45
Calculate the greatest common factor of 3751176 and 11.
11
Calculate the highest common factor of 15125 and 8415.
55
What is the greatest common divisor of 42 and 467118?
6
What is the greatest common divisor of 54 and 56349?
27
What is the highest common factor of 1877 and 1?
1
What is the greatest common divisor of 30 and 269090?
10
Calculate the greatest common divisor of 216340 and 1740.
580
Calculate the highest common factor of 4154035 and 340.
85
What is the highest common factor of 28 and 2372?
4
Calculate the greatest common factor of 211614 and 78.
78
What is the highest common divisor of 8 and 5410472?
8
What is the greatest common factor of 4331 and 305?
61
What is the greatest common divisor of 64 and 99392?
64
What is the highest common divisor of 116479 and 55?
11
What is the greatest common divisor of 736 and 36823?
23
What is the greatest common factor of 16 and 4047728?
16
Calculate the greatest common divisor of 121656 and 666.
222
What is the greatest common factor of 17 and 33201?
17
Calculate the greatest common divisor of 1274 and 8879.
13
Calculate the greatest common factor of 338253 and 411.
411
What is the greatest common factor of 1189 and 9599986?
1189
Calculate the greatest common factor of 41422 and 149.
149
What is the greatest common divisor of 1995891 and 444?
111
Calculate the highest common divisor of 87 and 310648.
29
Calculate the highest common factor of 21 and 337953.
21
Calculate the highest common factor of 9 and 7028649.
9
Calculate the greatest common factor of 344 and 1520824.
344
What is the greatest common divisor of 24582 and 6834?
102
What is the greatest common divisor of 4200 and 3972?
12
Calculate the highest com